{"id":6358,"date":"2024-08-25T02:11:45","date_gmt":"2024-08-25T05:11:45","guid":{"rendered":"https:\/\/tiendanifam.cl\/?post_type=product&#038;p=6358"},"modified":"2025-03-18T23:39:00","modified_gmt":"2025-03-19T02:39:00","slug":"cuento-atilio-el-yatiri-pronto-a-la-venta","status":"publish","type":"product","link":"https:\/\/tiendanifam.cl\/en\/product\/cuento-atilio-el-yatiri-pronto-a-la-venta\/","title":{"rendered":"Cuento &#8220;Atilio, El Yatiri&#8221;"},"content":{"rendered":"<p>El cuento &#8220;Atilio, el Yatiri&#8221; se inspira profundamente en la rica tradici\u00f3n y cosmovisi\u00f3n de la cultura andina, espec\u00edficamente en la cultura aymara. En esta cultura, el Yatiri es una figura central, un l\u00edder espiritual y curandero que posee conocimientos ancestrales sobre medicina, rituales y la conexi\u00f3n con el mundo espiritual. Su papel como mediador entre el mundo terrenal y el mundo espiritual es fundamental para la comunidad, gui\u00e1ndola en armon\u00eda con la naturaleza y el universo.<\/p>\n<p>Adem\u00e1s, se hace referencia a la Ch\u2019uspa, una bolsa tejida utilizada en ceremonias y rituales para honrar y agradecer a la Pachamama, la madre tierra. Esta pr\u00e1ctica simboliza el profundo respeto y conexi\u00f3n de la cultura aymara con la naturaleza, as\u00ed como su devoci\u00f3n por mantener la armon\u00eda con el entorno natural.<\/p>\n<p>As\u00ed, &#8220;Atilio, el Yatiri&#8221; se enriquece con estas tradiciones y simbolismos, explorando la importancia de la espiritualidad, la tradici\u00f3n y el respeto por la naturaleza en la cultura andina, especialmente en la comunidad aymara.<\/p>","protected":false},"excerpt":{"rendered":"<p>El cuento de \u201cAtilio, el Yatiri\u201d nos transporta a un universo lleno de magia y espiritualidad. Atilio, posee dones m\u00edsticos y nos gu\u00eda por un viaje lleno de tradiciones y ense\u00f1anzas para convertirse en un Yatiri. A medida que nos sumergimos en sus relatos, descubrimos la importancia que poseen estas personas sabias con la conexi\u00f3n con la tierra y la sabidur\u00eda transmitida de generaci\u00f3n en generaci\u00f3n.<\/p>","protected":false},"featured_media":6401,"comment_status":"open","ping_status":"closed","template":"","meta":{"site-sidebar-layout":"default","site-content-layout":"","ast-site-content-layout":"default","site-content-style":"default","site-sidebar-style":"default","ast-global-header-display":"","ast-banner-title-visibility":"","ast-main-header-display":"","ast-hfb-above-header-display":"","ast-hfb-below-header-display":"","ast-hfb-mobile-header-display":"","site-post-title":"","ast-breadcrumbs-content":"","ast-featured-img":"","footer-sml-layout":"","ast-disable-related-posts":"","theme-transparent-header-meta":"default","adv-header-id-meta":"","stick-header-meta":"","header-above-stick-meta":"","header-main-stick-meta":"","header-below-stick-meta":"","astra-migrate-meta-layouts":"set","ast-page-background-enabled":"default","ast-page-background-meta":{"desktop":{"background-color":"","background-image":"","background-repeat":"repeat","background-position":"center center","background-size":"auto","background-attachment":"scroll","background-type":"","background-media":"","overlay-type":"","overlay-color":"","overlay-opacity":"","overlay-gradient":""},"tablet":{"background-color":"","background-image":"","background-repeat":"repeat","background-position":"center center","background-size":"auto","background-attachment":"scroll","background-type":"","background-media":"","overlay-type":"","overlay-color":"","overlay-opacity":"","overlay-gradient":""},"mobile":{"background-color":"","background-image":"","background-repeat":"repeat","background-position":"center center","background-size":"auto","background-attachment":"scroll","background-type":"","background-media":"","overlay-type":"","overlay-color":"","overlay-opacity":"","overlay-gradient":""}},"ast-content-background-meta":{"desktop":{"background-color":"var(--ast-global-color-5)","background-image":"","background-repeat":"repeat","background-position":"center center","background-size":"auto","background-attachment":"scroll","background-type":"","background-media":"","overlay-type":"","overlay-color":"","overlay-opacity":"","overlay-gradient":""},"tablet":{"background-color":"var(--ast-global-color-5)","background-image":"","background-repeat":"repeat","background-position":"center center","background-size":"auto","background-attachment":"scroll","background-type":"","background-media":"","overlay-type":"","overlay-color":"","overlay-opacity":"","overlay-gradient":""},"mobile":{"background-color":"var(--ast-global-color-5)","background-image":"","background-repeat":"repeat","background-position":"center center","background-size":"auto","background-attachment":"scroll","background-type":"","background-media":"","overlay-type":"","overlay-color":"","overlay-opacity":"","overlay-gradient":""}}},"product_brand":[],"product_cat":[54],"product_tag":[],"class_list":{"0":"post-6358","1":"product","2":"type-product","3":"status-publish","4":"has-post-thumbnail","6":"product_cat-cuentos-andinos","7":"desktop-align-left","8":"tablet-align-left","9":"mobile-align-left","11":"first","12":"instock","13":"purchasable","14":"product-type-simple"},"_links":{"self":[{"href":"https:\/\/tiendanifam.cl\/en\/wp-json\/wp\/v2\/product\/6358","targetHints":{"allow":["GET"]}}],"collection":[{"href":"https:\/\/tiendanifam.cl\/en\/wp-json\/wp\/v2\/product"}],"about":[{"href":"https:\/\/tiendanifam.cl\/en\/wp-json\/wp\/v2\/types\/product"}],"replies":[{"embeddable":true,"href":"https:\/\/tiendanifam.cl\/en\/wp-json\/wp\/v2\/comments?post=6358"}],"wp:featuredmedia":[{"embeddable":true,"href":"https:\/\/tiendanifam.cl\/en\/wp-json\/wp\/v2\/media\/6401"}],"wp:attachment":[{"href":"https:\/\/tiendanifam.cl\/en\/wp-json\/wp\/v2\/media?parent=6358"}],"wp:term":[{"taxonomy":"product_brand","embeddable":true,"href":"https:\/\/tiendanifam.cl\/en\/wp-json\/wp\/v2\/product_brand?post=6358"},{"taxonomy":"product_cat","embeddable":true,"href":"https:\/\/tiendanifam.cl\/en\/wp-json\/wp\/v2\/product_cat?post=6358"},{"taxonomy":"product_tag","embeddable":true,"href":"https:\/\/tiendanifam.cl\/en\/wp-json\/wp\/v2\/product_tag?post=6358"}],"curies":[{"name":"wp","href":"https:\/\/api.w.org\/{rel}","templated":true}]}}

<p>El cuento &#8220;Atilio, el Yatiri&#8221; se inspira profundamente en la rica tradición y cosmovisión de la cultura andina, específicamente en la cultura aymara. En esta cultura, el Yatiri es una figura central, un líder espiritual y curandero que posee conocimientos ancestrales sobre medicina, rituales y la conexión con el mundo espiritual. Su papel como mediador entre el mundo terrenal y el mundo espiritual es fundamental para la comunidad, guiándola en armonía con la naturaleza y el universo.</p>
<p>Además, se hace referencia a la Ch’uspa, una bolsa tejida utilizada en ceremonias y rituales para honrar y agradecer a la Pachamama, la madre tierra. Esta práctica simboliza el profundo respeto y conexión de la cultura aymara con la naturaleza, así como su devoción por mantener la armonía con el entorno natural.</p>
<p>Así, &#8220;Atilio, el Yatiri&#8221; se enriquece con estas tradiciones y simbolismos, explorando la importancia de la espiritualidad, la tradición y el respeto por la naturaleza en la cultura andina, especialmente en la comunidad aymara.</p>

<p>El cuento de “Atilio, el Yatiri” nos transporta a un universo lleno de magia y espiritualidad. Atilio, posee dones místicos y nos guía por un viaje lleno de tradiciones y enseñanzas para convertirse en un Yatiri. A medida que nos sumergimos en sus relatos, descubrimos la importancia que poseen estas personas sabias con la conexión con la tierra y la sabiduría transmitida de generación en generación.</p>
