{"id":6348,"date":"2024-08-25T02:02:49","date_gmt":"2024-08-25T05:02:49","guid":{"rendered":"https:\/\/tiendanifam.cl\/?post_type=product&#038;p=6348"},"modified":"2025-06-13T00:00:59","modified_gmt":"2025-06-13T03:00:59","slug":"cuento-pukupuku-y-el-canto-al-amanecer-pronto-a-la-venta","status":"publish","type":"product","link":"https:\/\/tiendanifam.cl\/en\/product\/cuento-pukupuku-y-el-canto-al-amanecer-pronto-a-la-venta\/","title":{"rendered":"Cuento &#8220;Pukupuku y el canto al amanecer&#8221;"},"content":{"rendered":"<p>La historia del Pukupuku y el gallo en las altas monta\u00f1as de los Andes ejemplifica la importancia de la convivencia pac\u00edfica, el respeto mutuo y la resoluci\u00f3n de conflictos de manera justa y equitativa. A trav\u00e9s del juicio liderado por el c\u00f3ndor, las aves logran llegar a un acuerdo que les permite coexistir en armon\u00eda, respectando sus tradiciones y territorios. Esta narrativa resalta la necesidad de practicar la tolerancia, la comprensi\u00f3n y la b\u00fasqueda de soluciones que fomenten la convivencia pac\u00edfica y el bienestar com\u00fan. La lecci\u00f3n fundamental es que, a pesar de las diferencias, es posible encontrar un punto medio que beneficie a todos\/as y promueva la paz y la armon\u00eda en la comunidad.<\/p>\n<p><a style=\"display: inline-block; padding: 10px 20px; background-color: #0073aa; color: white; text-decoration: none; border-radius: 5px;\" href=\"https:\/\/tiendanifam.cl\/wp-content\/uploads\/2025\/06\/Ficha-de-orientacion-Puku-puku-1_R.pdf\" target=\"_blank\" rel=\"noopener\">Descargar aqu\u00ed la Ficha de Orientaci\u00f3n Curricular<br \/>\n<\/a><\/p>","protected":false},"excerpt":{"rendered":"<p>En las altas monta\u00f1as de los Andes, el canto madrugador del <strong>Pukupuku y el gallo<\/strong> despiertan a la comunidad cada ma\u00f1ana. Sin embargo, una disputa surge cuando el gallo, un ave extranjera, desaf\u00eda el derecho de Pukupuku a anunciar el nuevo d\u00eda. A trav\u00e9s de un juicio liderado por el c\u00f3ndor, las aves buscan resolver sus diferencias, territorialidad y respeto mutuo entre estas dos aves cantoras.<\/p>\n<p>\u00a1Bienvenidos al emocionante encuentro entre El Pukupuku y el Gallo!<\/p>","protected":false},"featured_media":6427,"comment_status":"open","ping_status":"closed","template":"","meta":{"site-sidebar-layout":"default","site-content-layout":"","ast-site-content-layout":"default","site-content-style":"default","site-sidebar-style":"default","ast-global-header-display":"","ast-banner-title-visibility":"","ast-main-header-display":"","ast-hfb-above-header-display":"","ast-hfb-below-header-display":"","ast-hfb-mobile-header-display":"","site-post-title":"","ast-breadcrumbs-content":"","ast-featured-img":"","footer-sml-layout":"","ast-disable-related-posts":"","theme-transparent-header-meta":"default","adv-header-id-meta":"","stick-header-meta":"","header-above-stick-meta":"","header-main-stick-meta":"","header-below-stick-meta":"","astra-migrate-meta-layouts":"set","ast-page-background-enabled":"default","ast-page-background-meta":{"desktop":{"background-color":"","background-image":"","background-repeat":"repeat","background-position":"center center","background-size":"auto","background-attachment":"scroll","background-type":"","background-media":"","overlay-type":"","overlay-color":"","overlay-opacity":"","overlay-gradient":""},"tablet":{"background-color":"","background-image":"","background-repeat":"repeat","background-position":"center center","background-size":"auto","background-attachment":"scroll","background-type":"","background-media":"","overlay-type":"","overlay-color":"","overlay-opacity":"","overlay-gradient":""},"mobile":{"background-color":"","background-image":"","background-repeat":"repeat","background-position":"center center","background-size":"auto","background-attachment":"scroll","background-type":"","background-media":"","overlay-type":"","overlay-color":"","overlay-opacity":"","overlay-gradient":""}},"ast-content-background-meta":{"desktop":{"background-color":"var(--ast-global-color-5)","background-image":"","background-repeat":"repeat","background-position":"center center","background-size":"auto","background-attachment":"scroll","background-type":"","background-media":"","overlay-type":"","overlay-color":"","overlay-opacity":"","overlay-gradient":""},"tablet":{"background-color":"var(--ast-global-color-5)","background-image":"","background-repeat":"repeat","background-position":"center center","background-size":"auto","background-attachment":"scroll","background-type":"","background-media":"","overlay-type":"","overlay-color":"","overlay-opacity":"","overlay-gradient":""},"mobile":{"background-color":"var(--ast-global-color-5)","background-image":"","background-repeat":"repeat","background-position":"center center","background-size":"auto","background-attachment":"scroll","background-type":"","background-media":"","overlay-type":"","overlay-color":"","overlay-opacity":"","overlay-gradient":""}}},"product_brand":[],"product_cat":[54],"product_tag":[],"class_list":{"0":"post-6348","1":"product","2":"type-product","3":"status-publish","4":"has-post-thumbnail","6":"product_cat-cuentos-andinos","7":"desktop-align-left","8":"tablet-align-left","9":"mobile-align-left","11":"first","12":"instock","13":"purchasable","14":"product-type-simple"},"_links":{"self":[{"href":"https:\/\/tiendanifam.cl\/en\/wp-json\/wp\/v2\/product\/6348","targetHints":{"allow":["GET"]}}],"collection":[{"href":"https:\/\/tiendanifam.cl\/en\/wp-json\/wp\/v2\/product"}],"about":[{"href":"https:\/\/tiendanifam.cl\/en\/wp-json\/wp\/v2\/types\/product"}],"replies":[{"embeddable":true,"href":"https:\/\/tiendanifam.cl\/en\/wp-json\/wp\/v2\/comments?post=6348"}],"wp:featuredmedia":[{"embeddable":true,"href":"https:\/\/tiendanifam.cl\/en\/wp-json\/wp\/v2\/media\/6427"}],"wp:attachment":[{"href":"https:\/\/tiendanifam.cl\/en\/wp-json\/wp\/v2\/media?parent=6348"}],"wp:term":[{"taxonomy":"product_brand","embeddable":true,"href":"https:\/\/tiendanifam.cl\/en\/wp-json\/wp\/v2\/product_brand?post=6348"},{"taxonomy":"product_cat","embeddable":true,"href":"https:\/\/tiendanifam.cl\/en\/wp-json\/wp\/v2\/product_cat?post=6348"},{"taxonomy":"product_tag","embeddable":true,"href":"https:\/\/tiendanifam.cl\/en\/wp-json\/wp\/v2\/product_tag?post=6348"}],"curies":[{"name":"wp","href":"https:\/\/api.w.org\/{rel}","templated":true}]}}

<p>La historia del Pukupuku y el gallo en las altas montañas de los Andes ejemplifica la importancia de la convivencia pacífica, el respeto mutuo y la resolución de conflictos de manera justa y equitativa. A través del juicio liderado por el cóndor, las aves logran llegar a un acuerdo que les permite coexistir en armonía, respectando sus tradiciones y territorios. Esta narrativa resalta la necesidad de practicar la tolerancia, la comprensión y la búsqueda de soluciones que fomenten la convivencia pacífica y el bienestar común. La lección fundamental es que, a pesar de las diferencias, es posible encontrar un punto medio que beneficie a todos/as y promueva la paz y la armonía en la comunidad.</p>
<p><a style="display: inline-block; padding: 10px 20px; background-color: #0073aa; color: white; text-decoration: none; border-radius: 5px;" href="https://tiendanifam.cl/wp-content/uploads/2025/06/Ficha-de-orientacion-Puku-puku-1_R.pdf" target="_blank" rel="noopener">Descargar aquí la Ficha de Orientación Curricular<br />
</a></p>

<p>En las altas montañas de los Andes, el canto madrugador del <strong>Pukupuku y el gallo</strong> despiertan a la comunidad cada mañana. Sin embargo, una disputa surge cuando el gallo, un ave extranjera, desafía el derecho de Pukupuku a anunciar el nuevo día. A través de un juicio liderado por el cóndor, las aves buscan resolver sus diferencias, territorialidad y respeto mutuo entre estas dos aves cantoras.</p>
<p>¡Bienvenidos al emocionante encuentro entre El Pukupuku y el Gallo!</p>
